{"id":672,"date":"2022-10-30T17:44:09","date_gmt":"2022-10-30T16:44:09","guid":{"rendered":"https:\/\/bienetre-naturel.com\/?page_id=672"},"modified":"2025-11-02T22:27:48","modified_gmt":"2025-11-02T21:27:48","slug":"conseils","status":"publish","type":"page","link":"https:\/\/bienetre-naturel.com\/index.php\/conseils\/","title":{"rendered":"Conseils produits naturels"},"content":{"rendered":"\t\t<div data-elementor-type=\"wp-page\" data-elementor-id=\"672\" class=\"elementor elementor-672\">\n\t\t\t\t\t\t<section class=\"elementor-section elementor-top-section elementor-element elementor-element-1519fa4 elementor-section-content-middle elementor-section-boxed elementor-section-height-default elementor-section-height-default\" data-id=\"1519fa4\" data-element_type=\"section\" data-e-type=\"section\" data-settings=\"{&quot;background_background&quot;:&quot;classic&quot;}\">\n\t\t\t\t\t\t\t<div class=\"elementor-background-overlay\"><\/div>\n\t\t\t\t\t\t\t<div class=\"elementor-container elementor-column-gap-default\">\n\t\t\t\t\t<div class=\"elementor-column elementor-col-100 elementor-top-column elementor-element elementor-element-ad11f96\" data-id=\"ad11f96\" data-element_type=\"column\" data-e-type=\"column\">\n\t\t\t<div class=\"elementor-widget-wrap elementor-element-populated\">\n\t\t\t\t\t\t<div class=\"elementor-element elementor-element-7726c66 elementor-widget elementor-widget-heading\" data-id=\"7726c66\" data-element_type=\"widget\" data-e-type=\"widget\" data-widget_type=\"heading.default\">\n\t\t\t\t<div class=\"elementor-widget-container\">\n\t\t\t\t\t<h1 class=\"elementor-heading-title elementor-size-default\">Conseils en produits naturels<\/h1>\t\t\t\t<\/div>\n\t\t\t\t<\/div>\n\t\t\t\t\t<\/div>\n\t\t<\/div>\n\t\t\t\t\t<\/div>\n\t\t<\/section>\n\t\t\t\t<section class=\"elementor-section elementor-top-section elementor-element elementor-element-90f3025 elementor-section-boxed elementor-section-height-default elementor-section-height-default\" data-id=\"90f3025\" data-element_type=\"section\" data-e-type=\"section\">\n\t\t\t\t\t\t<div class=\"elementor-container elementor-column-gap-default\">\n\t\t\t\t\t<div class=\"elementor-column elementor-col-100 elementor-top-column elementor-element elementor-element-43e4aa7\" data-id=\"43e4aa7\" data-element_type=\"column\" data-e-type=\"column\">\n\t\t\t<div class=\"elementor-widget-wrap elementor-element-populated\">\n\t\t\t\t\t\t<div class=\"elementor-element elementor-element-2e58cb5 elementor-widget elementor-widget-heading\" data-id=\"2e58cb5\" data-element_type=\"widget\" data-e-type=\"widget\" data-widget_type=\"heading.default\">\n\t\t\t\t<div class=\"elementor-widget-container\">\n\t\t\t\t\t<h2 class=\"elementor-heading-title elementor-size-default\">Le conseiller en produits naturels, un guide vers votre mieux-\u00eatre.<\/h2>\t\t\t\t<\/div>\n\t\t\t\t<\/div>\n\t\t\t\t\t<\/div>\n\t\t<\/div>\n\t\t\t\t\t<\/div>\n\t\t<\/section>\n\t\t\t\t<section class=\"elementor-section elementor-top-section elementor-element elementor-element-52ae1bd elementor-section-boxed elementor-section-height-default elementor-section-height-default\" data-id=\"52ae1bd\" data-element_type=\"section\" data-e-type=\"section\">\n\t\t\t\t\t\t<div class=\"elementor-container elementor-column-gap-default\">\n\t\t\t\t\t<div class=\"elementor-column elementor-col-100 elementor-top-column elementor-element elementor-element-f3892c6\" data-id=\"f3892c6\" data-element_type=\"column\" data-e-type=\"column\">\n\t\t\t<div class=\"elementor-widget-wrap elementor-element-populated\">\n\t\t\t\t\t\t<div class=\"elementor-element elementor-element-c13e85e elementor-widget elementor-widget-image\" data-id=\"c13e85e\" data-element_type=\"widget\" data-e-type=\"widget\" data-widget_type=\"image.default\">\n\t\t\t\t<div class=\"elementor-widget-container\">\n\t\t\t\t\t\t\t\t\t\t\t\t\t\t\t<img fetchpriority=\"high\" decoding=\"async\" width=\"683\" height=\"1024\" src=\"https:\/\/bienetre-naturel.com\/wp-content\/uploads\/2025\/10\/ALOE-ET-LITHOTHERAPIE-683x1024.png\" class=\"attachment-large size-large wp-image-1784\" alt=\"aloe vera, lithoth\u00e9rapie, le bien \u00eatre au naturel, mieux \u00eatre\" srcset=\"https:\/\/bienetre-naturel.com\/wp-content\/uploads\/2025\/10\/ALOE-ET-LITHOTHERAPIE-683x1024.png 683w, https:\/\/bienetre-naturel.com\/wp-content\/uploads\/2025\/10\/ALOE-ET-LITHOTHERAPIE-200x300.png 200w, https:\/\/bienetre-naturel.com\/wp-content\/uploads\/2025\/10\/ALOE-ET-LITHOTHERAPIE-768x1152.png 768w, https:\/\/bienetre-naturel.com\/wp-content\/uploads\/2025\/10\/ALOE-ET-LITHOTHERAPIE.png 1024w\" sizes=\"(max-width: 683px) 100vw, 683px\" \/>\t\t\t\t\t\t\t\t\t\t\t\t\t\t\t<\/div>\n\t\t\t\t<\/div>\n\t\t\t\t\t<\/div>\n\t\t<\/div>\n\t\t\t\t\t<\/div>\n\t\t<\/section>\n\t\t\t\t<section class=\"elementor-section elementor-top-section elementor-element elementor-element-8ad646b elementor-section-boxed elementor-section-height-default elementor-section-height-default\" data-id=\"8ad646b\" data-element_type=\"section\" data-e-type=\"section\">\n\t\t\t\t\t\t<div class=\"elementor-container elementor-column-gap-default\">\n\t\t\t\t\t<div class=\"elementor-column elementor-col-100 elementor-top-column elementor-element elementor-element-37f63d7\" data-id=\"37f63d7\" data-element_type=\"column\" data-e-type=\"column\">\n\t\t\t<div class=\"elementor-widget-wrap elementor-element-populated\">\n\t\t\t\t\t\t<div class=\"elementor-element elementor-element-11663fe elementor-widget elementor-widget-text-editor\" data-id=\"11663fe\" data-element_type=\"widget\" data-e-type=\"widget\" data-widget_type=\"text-editor.default\">\n\t\t\t\t<div class=\"elementor-widget-container\">\n\t\t\t\t\t\t\t\t\t<p>Le r\u00f4le d&rsquo;un conseiller en produits naturels est d&rsquo;apporter des conseils personnalis\u00e9s dans le domaine des plantes, des produits naturels ou d&rsquo;objets \u00e9nerg\u00e9tiques, afin de permettre \u00e0 chacun de retrouver \u00e9quilibre, vitalit\u00e9 et harmonie. Ce professionnel accompagne la personne dans sa recherche de bien-\u00eatre global, en proposant des solutions naturelles et adapt\u00e9es pour am\u00e9liorer l&rsquo;hygi\u00e8ne de vie, soutenir le corps et apaiser l&rsquo;esprit.<\/p><p>En tant que praticienne en bien-\u00eatre, j&rsquo;exerce ce r\u00f4le avec une attention particuli\u00e8re port\u00e9e \u00e0 l&rsquo;\u00e9coute, la bienveillance et la personnalisation de chaque accompagnement. Mon objectif est de vous guider vers des choix conscients et adapt\u00e9s \u00e0 vos besoins, pour favoriser un mieux-\u00eatre durable, tant sur le plan physique qu&rsquo;\u00e9nerg\u00e9tique.<\/p><p>Je prends le temps de vous expliquer la composition, la qualit\u00e9 et les propri\u00e9t\u00e9s des produits que je recommande, ainsi que des effets possibles. Chaque personne \u00e9tant unique, le ressentis varie selon la sensibilit\u00e9 et le parcours de chacun. Mes conseils restent toujours clairs et adapt\u00e9s, en pr\u00e9cisant les modes d&rsquo;utilisation et les pr\u00e9cautions \u00e0 respecter. En cas de doutes ou de probl\u00e9matique de sant\u00e9, l&rsquo;avis d&rsquo;un m\u00e9decin demeure essentiel.<\/p><p>Je travaille avec des produits naturels de haute qualit\u00e9 \u00e0 base d&rsquo;aloe vera, plante reconnue depuis des si\u00e8cles pour ses vertus cicatrisantes, hydratantes, r\u00e9g\u00e9n\u00e9rantes et stimulantes pour accompagner le corps dans son \u00e9quilibre et soutenir ses fonctions naturelles.<\/p><p>J&rsquo;int\u00e8gre \u00e9galement la lithoth\u00e9rapie, une approche \u00e9nerg\u00e9tique douce qui utilise les pierres naturelles pour r\u00e9tablie l&rsquo;harmonie entre le corps et l&rsquo;esprit. Chaque pierre \u00e9met une vibration sp\u00e9cifique, pouvant soutenir l&rsquo;apaisement, la confiance, la vitalit\u00e9 ou la s\u00e9r\u00e9nit\u00e9.<\/p><p>Je vous invite \u00e0 venir d\u00e9couvrir et exp\u00e9rimenter ces deux alli\u00e9s du bien-\u00eatre: l&rsquo;aloe vera et les gemmes, lors d&rsquo;ateliers et de pr\u00e9sentations que j&rsquo;anime dans une ambiance chaleureuse et bienveillante.\u00a0<\/p>\t\t\t\t\t\t\t\t<\/div>\n\t\t\t\t<\/div>\n\t\t\t\t<div class=\"elementor-element elementor-element-178a633 elementor-widget elementor-widget-text-editor\" data-id=\"178a633\" data-element_type=\"widget\" data-e-type=\"widget\" data-widget_type=\"text-editor.default\">\n\t\t\t\t<div class=\"elementor-widget-container\">\n\t\t\t\t\t\t\t\t\t<p>Pour plus d&rsquo;informations ou pour \u00e9changer sur les produits et les pierres que je propose, vous pouvez me contacter au 06 46 81 38 69.<\/p><p>V<span style=\"color: var(--ast-global-color-3); font-style: inherit; background-color: var(--ast-global-color-4);\">ous pouvez \u00e9galement consultez le catalogue de la gamme \u00e0 l&rsquo;aloe vera ou commandez en ligne via le lien ci-dessous :\u00a0<\/span><\/p>\t\t\t\t\t\t\t\t<\/div>\n\t\t\t\t<\/div>\n\t\t\t\t\t<\/div>\n\t\t<\/div>\n\t\t\t\t\t<\/div>\n\t\t<\/section>\n\t\t\t\t<section class=\"elementor-section elementor-top-section elementor-element elementor-element-5428f3b elementor-section-boxed elementor-section-height-default elementor-section-height-default\" data-id=\"5428f3b\" data-element_type=\"section\" data-e-type=\"section\">\n\t\t\t\t\t\t<div class=\"elementor-container elementor-column-gap-default\">\n\t\t\t\t\t<div class=\"elementor-column elementor-col-100 elementor-top-column elementor-element elementor-element-aec9973\" data-id=\"aec9973\" data-element_type=\"column\" data-e-type=\"column\">\n\t\t\t<div class=\"elementor-widget-wrap elementor-element-populated\">\n\t\t\t\t\t\t<div class=\"elementor-element elementor-element-ffafa9a elementor-align-center elementor-widget elementor-widget-button\" data-id=\"ffafa9a\" data-element_type=\"widget\" data-e-type=\"widget\" data-widget_type=\"button.default\">\n\t\t\t\t<div class=\"elementor-widget-container\">\n\t\t\t\t\t\t\t\t\t<div class=\"elementor-button-wrapper\">\n\t\t\t\t\t<a class=\"elementor-button elementor-button-link elementor-size-sm\" href=\"https:\/\/foreverliving.fr\/ref\/330001250553\/\" target=\"_blank\">\n\t\t\t\t\t\t<span class=\"elementor-button-content-wrapper\">\n\t\t\t\t\t\t\t\t\t<span class=\"elementor-button-text\">Cliquez ici<\/span>\n\t\t\t\t\t<\/span>\n\t\t\t\t\t<\/a>\n\t\t\t\t<\/div>\n\t\t\t\t\t\t\t\t<\/div>\n\t\t\t\t<\/div>\n\t\t\t\t\t<\/div>\n\t\t<\/div>\n\t\t\t\t\t<\/div>\n\t\t<\/section>\n\t\t\t\t<\/div>\n\t\t","protected":false},"excerpt":{"rendered":"<p>Conseils en produits naturels Le conseiller en produits naturels, un guide vers votre mieux-\u00eatre. Le r\u00f4le d&rsquo;un conseiller en produits naturels est d&rsquo;apporter des conseils personnalis\u00e9s dans le domaine des plantes, des produits naturels ou d&rsquo;objets \u00e9nerg\u00e9tiques, afin de permettre \u00e0 chacun de retrouver \u00e9quilibre, vitalit\u00e9 et harmonie. Ce professionnel accompagne la personne dans sa [&hellip;]<\/p>\n","protected":false},"author":1,"featured_media":0,"parent":0,"menu_order":6,"comment_status":"closed","ping_status":"closed","template":"","meta":{"om_disable_all_campaigns":false,"_monsterinsights_skip_tracking":false,"_monsterinsights_sitenote_active":false,"_monsterinsights_sitenote_note":"","_monsterinsights_sitenote_category":0,"site-sidebar-layout":"no-sidebar","site-content-layout":"page-builder","ast-site-content-layout":"default","site-content-style":"default","site-sidebar-style":"default","ast-global-header-display":"","ast-banner-title-visibility":"","ast-main-header-display":"","ast-hfb-above-header-display":"","ast-hfb-below-header-display":"","ast-hfb-mobile-header-display":"","site-post-title":"disabled","ast-breadcrumbs-content":"","ast-featured-img":"disabled","footer-sml-layout":"","theme-transparent-header-meta":"","adv-header-id-meta":"","stick-header-meta":"","header-above-stick-meta":"","header-main-stick-meta":"","header-below-stick-meta":"","astra-migrate-meta-layouts":"default","ast-page-background-enabled":"default","ast-page-background-meta":{"desktop":{"background-color":"","background-image":"","background-repeat":"repeat","background-position":"center center","background-size":"auto","background-attachment":"scroll","background-type":"","background-media":"","overlay-type":"","overlay-color":"","overlay-opacity":"","overlay-gradient":""},"tablet":{"background-color":"","background-image":"","background-repeat":"repeat","background-position":"center center","background-size":"auto","background-attachment":"scroll","background-type":"","background-media":"","overlay-type":"","overlay-color":"","overlay-opacity":"","overlay-gradient":""},"mobile":{"background-color":"","background-image":"","background-repeat":"repeat","background-position":"center center","background-size":"auto","background-attachment":"scroll","background-type":"","background-media":"","overlay-type":"","overlay-color":"","overlay-opacity":"","overlay-gradient":""}},"ast-content-background-meta":{"desktop":{"background-color":"var(--ast-global-color-5)","background-image":"","background-repeat":"repeat","background-position":"center center","background-size":"auto","background-attachment":"scroll","background-type":"","background-media":"","overlay-type":"","overlay-color":"","overlay-opacity":"","overlay-gradient":""},"tablet":{"background-color":"var(--ast-global-color-5)","background-image":"","background-repeat":"repeat","background-position":"center center","background-size":"auto","background-attachment":"scroll","background-type":"","background-media":"","overlay-type":"","overlay-color":"","overlay-opacity":"","overlay-gradient":""},"mobile":{"background-color":"var(--ast-global-color-5)","background-image":"","background-repeat":"repeat","background-position":"center center","background-size":"auto","background-attachment":"scroll","background-type":"","background-media":"","overlay-type":"","overlay-color":"","overlay-opacity":"","overlay-gradient":""}},"footnotes":""},"class_list":["post-672","page","type-page","status-publish","hentry"],"aioseo_notices":[],"_links":{"self":[{"href":"https:\/\/bienetre-naturel.com\/index.php\/wp-json\/wp\/v2\/pages\/672","targetHints":{"allow":["GET"]}}],"collection":[{"href":"https:\/\/bienetre-naturel.com\/index.php\/wp-json\/wp\/v2\/pages"}],"about":[{"href":"https:\/\/bienetre-naturel.com\/index.php\/wp-json\/wp\/v2\/types\/page"}],"author":[{"embeddable":true,"href":"https:\/\/bienetre-naturel.com\/index.php\/wp-json\/wp\/v2\/users\/1"}],"replies":[{"embeddable":true,"href":"https:\/\/bienetre-naturel.com\/index.php\/wp-json\/wp\/v2\/comments?post=672"}],"version-history":[{"count":96,"href":"https:\/\/bienetre-naturel.com\/index.php\/wp-json\/wp\/v2\/pages\/672\/revisions"}],"predecessor-version":[{"id":1946,"href":"https:\/\/bienetre-naturel.com\/index.php\/wp-json\/wp\/v2\/pages\/672\/revisions\/1946"}],"wp:attachment":[{"href":"https:\/\/bienetre-naturel.com\/index.php\/wp-json\/wp\/v2\/media?parent=672"}],"curies":[{"name":"wp","href":"https:\/\/api.w.org\/{rel}","templated":true}]}}